**3 - 55*s**2 - 188*s - 643. What is g(-24)?
-163
Let r(f) = 49*f**2 - 604*f + 1472. Calculate r(9).
5
Let m(d) = 2091*d - 89908. What is m(43)?
5
Let s(v) = 4*v**3 - 34*v**2 + 5696*v - 51433. Calculate s(9).
-7
Let z(o) = -50*o**2 + 2392*o + 456. Give z(48).
72
Let j(g) = -3*g**3 - 42*g**2 - 260*g - 3635. Calculate j(-14).
5
Let l(a) = 502*a + 96332. Give l(-190).
952
Let m(z) = -7*z**2 + 679*z - 11542. What is m(21)?
-370
Let l(v) = -2*v**2 + 24903*v + 299165. Calculate l(-12).
41
Let p(y) = -y**3 - 3*y**2 + 3009*y + 12009. Give p(-4).
-11
Let g(u) = 2733*u + 22315. Give g(-9).
-2282
Let j(c) = -41321*c + 40867. Determine j(1).
-454
Let s(d) = 94*d**2 + 966*d - 76. What is s(-13)?
3252
Let r(s) = -4*s**2 - 210*s + 521. Give r(-51).
827
Let u(b) = 552881*b - 1658629. Give u(3).
14
Let b(a) = -a**3 + 37*a**2 + 10721*a - 5830. What is b(-87)?
-1
Let r(u) = 3*u**2 + 998*u + 4592. Calculate r(-328).
0
Let s(i) = 28*i**2 + 510*i + 2291. What is s(-8)?
3
Let a(s) = 2*s**2 + 769*s - 7579. What is a(10)?
311
Let x(d) = -1111*d**2 + 4728*d - 1137. Calculate x(4).
-1
Let l(y) = 2*y**3 - 102*y**2 + 167*y - 175. Give l(49).
-1596
Let x(d) = -77*d - 37971. Determine x(-493).
-10
Let w(n) = -5*n**3 - 226*n**2 + 196*n + 10855. Calculate w(-45).
10
Let a(k) = 722045*k + 8664546. What is a(-12)?
6
Let a(i) = 8*i**2 + 32*i - 243. Give a(6).
237
Let q(b) = -1710*b + 5224. Calculate q(3).
94
Let k(p) = 216392*p - 1298338. Calculate k(6).
14
Let n(y) = 998*y - 244536. Give n(245).
-26
Let n(i) = -14*i**2 - 1040*i + 354. Determine n(-75).
-396
Let g(f) = 11*f**2 + 286*f + 1372. Calculate g(-30).
2692
Let w(l) = l**3 - 6*l**2 + 12*l - 2702. Give w(16).
50
Let i(q) = -911*q - 13695. Give i(-15).
-30
Let h(g) = -2*g**3 + 128*g**2 + 540*g + 223. Give h(68).
-49
Let g(x) = 7*x**2 - 432*x + 586. What is g(64)?
1610
Let f(c) = -62*c + 15812. Determine f(180).
4652
Let a(z) = 3*z**2 + 462*z - 17173. Determine a(-185).
32
Let o(u) = -40*u**3 - 3118*u**2 + 159*u + 209. What is o(-78)?
-25
Let o(k) = 2*k**2 + 427*k - 30417. Determine o(56).
-233
Let y(d) = -2*d**2 + 902*d - 31714. Determine y(39).
422
Let r(i) = 1410*i + 290405. Give r(-206).
-55
Let v(l) = 14*l**2 - 31*l + 538. Determine v(5).
733
Let r(m) = 3*m**3 - 82*m**2 + 17*m + 434. What is r(27)?
164
Let a(s) = -15*s**2 + 113*s + 1082. Determine a(-13).
-2922
Let h(a) = 2788*a - 850308. Give h(305).
32
Let q(l) = 175214*l - 876125. What is q(5)?
-55
Let d(r) = -2*r**3 - 30*r**2 + 45*r + 327. Calculate d(-16).
119
Let k(q) = 6908*q - 117896. Determine k(17).
-460
Let p(s) = 554899*s - 2219594. Determine p(4).
2
Let t(n) = 27*n**2 - 3857*n + 30848. What is t(8)?
1720
Let f(m) = -32549*m - 97739. Calculate f(-3).
-92
Let r(i) = -i**2 + 184*i - 8409. Give r(102).
-45
Let r(z) = -6694*z**2 - 2061751*z + 293. Calculate r(-308).
-15
Let c(z) = -11*z**2 + 91*z + 162. Calculate c(8).
186
Let x(n) = -n**2 + 896*n + 51496. Determine x(-54).
196
Let m(p) = 130*p**3 - 11*p**2 + 247*p + 530. Give m(-2).
-1048
Let a(p) = -p**2 - 670*p + 43122. Calculate a(59).
111
Let r(f) = 84*f**2 + 7645*f - 51. Determine r(-91).
-142
Let h(f) = f**3 + 17*f**2 + 38*f - 59. Determine h(-14).
-3
Let k(a) = 30376*a + 334140. Give k(-11).
4
Let n(p) = -3*p**2 - 1717*p - 11910. What is n(-7)?
-38
Let f(t) = -20*t**2 - 142*t - 69. Give f(-7).
-55
Let k(h) = 4173*h + 1084. What is k(0)?
1084
Let i(l) = -l**3 + 61*l**2 + 211*l + 151. What is i(64)?
1367
Let x(c) = -101*c + 2289. Calculate x(23).
-34
Let q(h) = 4*h**3 + 13*h**2 + 29*h + 125. Determine q(-4).
-39
Let b(l) = -106*l**2 + 912*l - 1885. What is b(5)?
25
Let o(p) = 29*p**2 + 695*p - 1774. Give o(-26).
-240
Let f(p) = 174*p**2 + 6802*p - 38369. Give f(5).
-9
Let u(d) = 248*d**3 - 11192*d**2 - 11191*d + 2. Determine u(-1).
-247
Let t(z) = -1229*z + 195101. Calculate t(159).
-310
Let j(h) = -38975*h + 6352917. Determine j(163).
-8
Let b(w) = 235*w + 27806. Calculate b(-118).
76
Let i(s) = -s**3 - 218*s**2 - 1278*s - 40. What is i(-6)?
-4
Let d(j) = -1232*j - 448632. What is d(-364)?
-184
Let p(q) = q**3 + 49*q**2 - 278*q - 360. Determine p(6).
-48
Let p(x) = 11600*x - 46342. Calculate p(4).
58
Let g(h) = 76818*h - 845009. Calculate g(11).
-11
Let v(i) = 78*i**2 + 5240*i + 328. What is v(-68)?
4680
Let c(j) = j**3 - 897*j**2 + 8115*j - 109235. Determine c(888).
-11
Let v(t) = 4*t**2 - 1871*t - 21073. Determine v(-11).
-8
Let v(a) = -2*a**3 + 412*a**2 + 1335*a - 16874. Calculate v(209).
55
Let m(k) = -k**3 + 104*k**2 - 2699*k - 78. What is m(50)?
-28
Let c(a) = 96*a - 502. What is c(6)?
74
Let s(b) = b**3 + 23*b**2 + 119*b + 133. Give s(-8).
141
Let d(u) = -3*u**2 - 723*u - 9618. Calculate d(-227).
-84
Let g(f) = 15*f**2 + 258*f - 7. Determine g(-6).
-1015
Let j(w) = 6*w**2 + 877*w - 5270. What is j(6)?
208
Let b(x) = -21*x**3 - 24*x**2 - 8*x + 1. Calculate b(-2).
89
Let l(z) = 2*z**3 - 24*z**2 + 235*z - 1312. Calculate l(8).
56
Let c(z) = -71*z**2 - 133*z + 70. Calculate c(-5).
-1040
Let o(s) = 3*s**2 + 106215*s + 637187. Give o(-6).
5
Let s(i) = -i**3 - 7*i**2 + 244*i + 706. Calculate s(14).
6
Let s(r) = 3*r**3 - 257*r**2 - 104*r + 1658. Determine s(86).
110
Let d(w) = w**3 + 52*w**2 + 655*w - 3. Give d(-24).
405
Let w(o) = 2*o**2 - 2505*o + 590620. What is w(315)?
-5
Let i(d) = 11*d**2 - 6965*d + 20763. What is i(3)?
-33
Let c(s) = 993*s**2 - 34759*s + 219. What is c(35)?
79
Let x(v) = 32*v**2 + 1740*v - 2920. Determine x(-56).
-8
Let t(d) = -d**3 - 151*d**2 - 1152*d - 199. Determine t(-143).
945
Let g(a) = a**2 + 29*a - 391. Calculate g(13).
155
Let f(q) = 102*q**3 - 3*q**2 + 568*q + 1137. Calculate f(-2).
-827
Let m(j) = -2*j**2 - 349347*j - 3493279. Determine m(-10).
-9
Let d(k) = -293*k + 49557. Give d(169).
40
Let b(j) = -4083*j - 17202. Give b(-4).
-870
Let b(h) = -h**3 + 24*h**2 + 91*h + 3779. What is b(31)?
-127
Let t(x) = 28037*x + 559773. Give t(-20).
-967
Let v(c) = -773345*c + 3866728. What is v(5)?
3
Let d(x) = x**3 + 54*x**2 - 221*x + 596. What is d(-58)?
-42
Let l(y) = -314*y + 893. Calculate l(3).
-49
Let w(v) = -6*v**3 + 476*v**2 - 142*v - 1360. Determine w(79).
-96
Let g(p) = 2*p**3 - 224*p**2 - 200*p + 168. What is g(113)?
3106
Let x(m) = m**3 - 3*m**2 - 13*m - 160. What is x(6)?
-130
Let t(l) = -256*l - 315. Give t(0).
-315
Let v(b) = -2*b**2 - 118*b - 1253. Calculate v(-16).
123
Let x(i) = 12*i**2 + 985*i - 161450. Calculate x(82).
8
Let b(m) = -3*m**3 - 98*m**2 - 23*m + 697. Determine b(-32).
-615
Let m(y) = -18404*y - 1030751. Calculate m(-56).
-127
Let t(b) = 3*b**3 + 980*b**2 + 2601*b + 2902. Give t(-324).
-14
Let a(f) = f**3 + 4*f**2 + 136*f + 1201. Determine a(-8).
-143
Let v(o) = -o**3 - 106*o**2 - 532*o - 12648. What is v(-102)?
0
Let t(k) = -4170*k + 91740. Give t(22).
0
Let a(u) = u**2 - 139*u - 31277. Calculate a(-120).
-197
Let w(t) = 6*t**2 + 692*t - 6344. Give w(9).
370
Let v(n) = 11*n**2 + 490*n + 5436. Determine v(-23).
-15
Let m(y) = -23*y**2 - 8326*y - 24983. Give m(-3).
-212
Let a(p) = -14*p**3 + 14*p**2 - 90*p + 179. Give a(3).
-343
Let v(t) = 180*t + 11781. What is v(-65)?
81
Let z(o) = -9*o**3 - 287*o**2 + 34*o - 84. Determine z(-32).
-148
Let z(y) = -43*y**3 - 1115*y**2 + 81*y - 148. Give z(-26).
-226
Let n(x) = -13*x**3 - 29*x**2 - 40*x + 110. What is n(-7)?
3428
Let f(w) = -27761*w + 48998158. What is f(1765)?
-7
Let s(f) = -43858*f + 263264. What is s(6)?
116
Let h(g) = 2*g**2 + 2448*g - 1195307. Calculate h(-1598).
-3
Let g(m) = 510*m + 15231. Determine g(-33).
-1599
Let n(m) = -9151*m + 421093. What is n(46)?
147
Let r(n) = 95*n - 5369. Give r(60).
331
Let p(v) = v**2 - 149*v + 3813. Calculate p(61).
-1555
Let v(o) = -o**3 - 28*o**2 - 151*o + 181. What is v(-20)?
1
Let v(c) = 8*c**3 - 65*c**2 - 16*c + 165. What is v(4)?
-427
Let j(d) = 983*d + 12772. What is j(-13)?
-7
Let t(s) = -25*s**2 - 6379*s - 6341. Determine t(-1).
13
Let u(y) = -y**3 - 61*y**2 - 336*y - 6272. Give u(-57).
-116
Let x(n) = 6*n**3 - 17*n**2 - 38*n - 213. Calculate x(10).
3707
Let n(u) = -u**3 - 161*u**2 + 326*u + 1448. Give n(-163).
1448
Let c(v) = -v**2 - 6218*v - 136308. Calculate c(-22).
4
Let d(i) = 308*i**2 + 196783*i - 18519. Give d(-639).
12
Let l(r) = 5198*r + 35437. Calculate l(-7).
-949
Let f(b) = -1214*b - 42923. Give f(-35).
-433
Let d(x) = x**2 - 252*x + 1563